33686 is divided by 1047.
182
Calculate the remainder when 36258918 is divided by 71.
70
What is the remainder when 2424024 is divided by 679?
673
Calculate the remainder when 2038731 is divided by 291221.
184
Calculate the remainder when 728778783 is divided by 1530.
3
What is the remainder when 66802872 is divided by 196?
192
What is the remainder when 29420 is divided by 671?
567
Calculate the remainder when 3987804 is divided by 790.
674
What is the remainder when 346979 is divided by 86742?
11
What is the remainder when 332620370 is divided by 97?
95
What is the remainder when 13209656 is divided by 58?
40
What is the remainder when 1381474 is divided by 343101?
9070
Calculate the remainder when 357739 is divided by 194.
3
What is the remainder when 163894 is divided by 656?
550
What is the remainder when 96906008 is divided by 24226501?
4
Calculate the remainder when 41329 is divided by 2749.
94
Calculate the remainder when 128564 is divided by 2452.
1060
Calculate the remainder when 2115573 is divided by 235062.
15
What is the remainder when 7292146 is divided by 12?
10
What is the remainder when 321048 is divided by 4272?
648
What is the remainder when 24987219 is divided by 47?
45
Calculate the remainder when 27499497 is divided by 843.
837
What is the remainder when 2829858 is divided by 154?
108
Calculate the remainder when 420112 is divided by 104987.
164
What is the remainder when 9453990 is divided by 63448?
238
What is the remainder when 8847441 is divided by 2211831?
117
Calculate the remainder when 12119 is divided by 90.
59
What is the remainder when 38671775 is divided by 133?
30
What is the remainder when 475334 is divided by 769?
92
What is the remainder when 1740196 is divided by 773?
173
Calculate the remainder when 503641 is divided by 7298.
79
Calculate the remainder when 9536123 is divided by 3178701.
20
What is the remainder when 158518 is divided by 1741?
87
Calculate the remainder when 1006735 is divided by 90.
85
What is the remainder when 7001778 is divided by 36?
30
Calculate the remainder when 18842358 is divided by 54774.
102
What is the remainder when 15466939 is divided by 4275?
4264
What is the remainder when 123265275 is divided by 37?
34
What is the remainder when 490945 is divided by 554?
101
Calculate the remainder when 6596305 is divided by 4436.
4409
What is the remainder when 667119 is divided by 310?
309
What is the remainder when 13521503 is divided by 6760738?
27
Calculate the remainder when 4735149 is divided by 964.
945
What is the remainder when 1172431 is divided by 63?
1
Calculate the remainder when 8781809 is divided by 108.
5
What is the remainder when 65469225 is divided by 9352746?
3
Calculate the remainder when 6383047 is divided by 1206.
895
What is the remainder when 150419 is divided by 150303?
116
Calculate the remainder when 5319 is divided by 1221.
435
Calculate the remainder when 894704 is divided by 40658.
228
What is the remainder when 10471188 is divided by 14895?
3
What is the remainder when 5620709 is divided by 1405092?
341
What is the remainder when 573769 is divided by 193?
173
What is the remainder when 588807 is divided by 39253?
12
Calculate the remainder when 3710117 is divided by 927510.
77
What is the remainder when 84943617 is divided by 135?
132
What is the remainder when 18487 is divided by 4155?
1867
What is the remainder when 22222214 is divided by 2100?
14
What is the remainder when 4672019 is divided by 2244?
11
What is the remainder when 36604 is divided by 36567?
37
Calculate the remainder when 348126 is divided by 11566.
1146
Calculate the remainder when 49188 is divided by 16357.
117
Calculate the remainder when 22305 is divided by 4017.
2220
What is the remainder when 928708 is divided by 752?
740
What is the remainder when 81002 is divided by 5257?
2147
What is the remainder when 164736 is divided by 2742?
216
Calculate the remainder when 80420 is divided by 79409.
1011
Calculate the remainder when 735531 is divided by 61.
54
What is the remainder when 16364202 is divided by 143?
140
Calculate the remainder when 321446 is divided by 159648.
2150
Calculate the remainder when 4027387 is divided by 1546.
57
What is the remainder when 17313798 is divided by 415?
413
Calculate the remainder when 188864 is divided by 282.
206
What is the remainder when 243862 is divided by 60950?
62
Calculate the remainder when 819495 is divided by 9641.
10
Calculate the remainder when 696749 is divided by 316.
285
What is the remainder when 85136 is divided by 8699?
6845
Calculate the remainder when 1720715 is divided by 127.
119
What is the remainder when 246235 is divided by 81983?
286
Calculate the remainder when 88410 is divided by 22045.
230
Calculate the remainder when 141133 is divided by 974.
877
Calculate the remainder when 6420287 is divided by 408.
407
What is the remainder when 31965743 is divided by 1064?
1055
What is the remainder when 1679036 is divided by 599?
39
Calculate the remainder when 12738819 is divided by 25.
19
What is the remainder when 58560042 is divided by 58560011?
31
What is the remainder when 24135334 is divided by 12067573?
188
Calculate the remainder when 2603 is divided by 2567.
36
Calculate the remainder when 128200466 is divided by 1780562.
2
What is the remainder when 171126 is divided by 53451?
10773
Calculate the remainder when 1128199 is divided by 4529.
478
What is the remainder when 31482431 is divided by 43?
24
What is the remainder when 10461150 is divided by 804703?
11
What is the remainder when 2170115 is divided by 271264?
3
What is the remainder when 786086601 is divided by 492?
489
What is the remainder when 5665 is divided by 1249?
669
What is the remainder when 26417951 is divided by 2032150?
1
Calculate the remainder when 128895 is divided by 25702.
385
Calculate the remainder when 2533712 is divided by 386.
8
Calculate the remainder when 1916917 is divided by 11210.
7
What is the remainder when 29293478 is divided by 266304?
38
What is the remainder when 47513815 is divided by 9502762?
5
Calculate the remainder when 7175175 is divided by 9856.
7
What is the remainder when 6029422 is divided by 287114?
28
What is the remainder when 6024944 is divided by 943?
117
Calculate the remainder when 196399 is divided by 196340.
59
What is the remainder when 510972 is divided by 102020?
872
Calculate the remainder when 157366414 is divided by 247.
244
What is the remainder when 27415978 is divided by 753?
1
What is the remainder when 507763 is divided by 241?
217
Calculate the remainder when 223106 is divided by 34.
32
What is the remainder when 9687463 is divided by 1118?
1111
What is the remainder when 1995327 is divided by 668?
11
What is the remainder when 2255075 is divided by 563758?
43
What is the remainder when 1005805 is divided by 2163?
10
What is the remainder when 3042679 is divided by 1247?
1246
What is the remainder when 168767 is divided by 1309?
1215
Calculate the remainder when 2324458 is divided by 955.
943
What is the remainder when 106814 is divided by 2671?
2645
Calculate the remainder when 2887403 is divided by 2676.
2675
What is the remainder when 383648 is divided by 213?
35
What is the remainder when 147531 is divided by 49?
41
Calculate the remainder when 77620990 is divided by 1958.
1954
Calculate the remainder when 7677666 is divided by 590.
586
What is the remainder when 493045 is divided by 18962?
33
Calculate the remainder when 48181071 is divided by 24090519.
33
What is the remainder when 2610703 is divided by 15?
13
Calculate the remainder when 76080887 is divided by 83.
16
Calculate the remainder when 363444 is divided by 30279.
96
What is the remainder when 545009 is divided by 2698?
13
Calculate the remainder when 60890976 is divided by 5527.
17
What is the remainder when 2786081 is divided by 741?
662
What is the remainder when 1293446 is divided by 15?
11
What is the remainder when 31679 is divided by 1976?
63
Calculate the remainder when 29359 is divided by 1176.
1135
What is the remainder when 63297057 is divided by 94?
89
Calculate the remainder when 20751738 is divided by 5166.
5082
Calculate the remainder when 967184 is divided by 14877.
179
What is the remainder when 3882775 is divide